ctor of 1792 and 14.
14
What is the highest common factor of 63 and 27?
9
What is the highest common factor of 14130 and 90?
90
Calculate the greatest common divisor of 595 and 70.
35
What is the highest common divisor of 99 and 9?
9
What is the highest common factor of 84 and 2?
2
What is the highest common divisor of 204 and 276?
12
What is the highest common divisor of 10 and 9970?
10
What is the highest common factor of 17262 and 252?
126
What is the highest common factor of 4582 and 1264?
158
Calculate the greatest common divisor of 88 and 57024.
88
What is the highest common factor of 306 and 85?
17
Calculate the highest common factor of 6280 and 40.
40
What is the greatest common factor of 187 and 36839?
187
What is the greatest common divisor of 15 and 25?
5
Calculate the greatest common factor of 847 and 4961.
121
What is the greatest common divisor of 26936 and 37?
37
What is the highest common divisor of 5 and 25?
5
Calculate the highest common factor of 444 and 12.
12
What is the highest common divisor of 10 and 18?
2
Calculate the greatest common divisor of 2 and 915.
1
Calculate the highest common divisor of 143 and 55.
11
Calculate the highest common divisor of 8 and 4.
4
What is the highest common factor of 9510 and 30?
30
Calculate the highest common divisor of 319 and 203.
29
What is the highest common divisor of 1500 and 4?
4
Calculate the highest common divisor of 168 and 312.
24
Calculate the greatest common divisor of 228 and 703.
19
Calculate the highest common divisor of 784 and 13132.
196
Calculate the highest common divisor of 217 and 7.
7
Calculate the greatest common divisor of 1127 and 133.
7
What is the greatest common divisor of 108 and 7398?
54
What is the highest common divisor of 55 and 220?
55
Calculate the highest common divisor of 522 and 36.
18
What is the greatest common factor of 16 and 8?
8
What is the highest common divisor of 2552 and 88?
88
Calculate the greatest common divisor of 54 and 1872.
18
What is the highest common factor of 1302 and 147?
21
What is the greatest common factor of 51015 and 30?
15
Calculate the greatest common factor of 117 and 104.
13
Calculate the highest common factor of 902 and 22.
22
What is the highest common factor of 430 and 20?
10
Calculate the highest common factor of 6 and 1506.
6
What is the highest common divisor of 9 and 1521?
9
Calculate the greatest common divisor of 42 and 126.
42
What is the highest common divisor of 754 and 1222?
26
What is the greatest common factor of 693 and 21?
21
Calculate the greatest common divisor of 147 and 112.
7
Calculate the highest common factor of 62 and 3968.
62
What is the greatest common factor of 5 and 4295?
5
What is the highest common factor of 44 and 1166?
22
What is the highest common factor of 78 and 18?
6
Calculate the greatest common factor of 2573 and 93.
31
Calculate the highest common factor of 32 and 36.
4
What is the highest common factor of 2068 and 88?
44
Calculate the highest common factor of 5963 and 67.
67
Calculate the highest common divisor of 22 and 2893.
11
What is the highest common factor of 6411 and 3?
3
Calculate the highest common factor of 8 and 1356.
4
Calculate the highest common factor of 40 and 1810.
10
Calculate the highest common factor of 4 and 10732.
4
What is the highest common factor of 1264 and 79?
79
Calculate the greatest common divisor of 925 and 185.
185
Calculate the highest common factor of 111 and 8362.
37
What is the greatest common divisor of 56 and 91?
7
Calculate the greatest common factor of 240 and 75.
15
What is the highest common divisor of 927 and 324?
9
Calculate the greatest common factor of 45 and 126.
9
What is the highest common factor of 318 and 6?
6
Calculate the greatest common divisor of 264 and 4642.
22
Calculate the highest common factor of 47203 and 13.
13
Calculate the highest common factor of 185 and 665.
5
Calculate the greatest common factor of 385 and 308.
77
Calculate the highest common divisor of 14 and 3192.
14
What is the greatest common divisor of 7 and 28?
7
Calculate the highest common factor of 540 and 8.
4
Calculate the greatest common divisor of 18 and 26.
2
What is the greatest common factor of 10411 and 1795?
359
What is the highest common factor of 140 and 1330?
70
What is the greatest common divisor of 56 and 392?
56
Calculate the highest common divisor of 28 and 350.
14
What is the greatest common divisor of 171 and 19?
19
What is the greatest common divisor of 39 and 8411?
13
What is the highest common factor of 34 and 442?
34
Calculate the highest common divisor of 126 and 27.
9
What is the greatest common divisor of 249 and 9?
3
What is the greatest common factor of 20 and 1345?
5
Calculate the highest common factor of 565 and 2034.
113
What is the highest common divisor of 11880 and 54?
54
What is the greatest common factor of 5 and 410?
5
Calculate the greatest common factor of 828 and 36.
36
Calculate the greatest common factor of 9522 and 18.
18
What is the highest common factor of 2256 and 987?
141
Calculate the highest common factor of 1 and 2137.
1
Calculate the greatest common divisor of 3750 and 6.
6
What is the highest common factor of 2448 and 2142?
306
Calculate the highest common factor of 4983 and 66.
33
What is the highest common divisor of 48 and 18?
6
Calculate the highest common divisor of 99 and 135.
9
What is the greatest common divisor of 122 and 6?
2
Calculate the highest common factor of 6 and 1094.
2
What is the greatest common factor of 35572 and 4?
4
What is the highest common divisor of 799 and 17?
17
Calculate the highest common divisor of 3 and 10347.
3
What is the highest common factor of 384 and 120?
24
Calculate the highest common divisor of 7905 and 90.
15
What is the greatest common divisor of 2782 and 104?
26
Calculate the highest common factor of 375 and 15.
15
What is the highest common factor of 175 and 5495?
35
What is the greatest common factor of 190 and 4845?
95
Calculate the highest common factor of 264 and 72.
24
Calculate the greatest common factor of 60 and 990.
30
Calculate the greatest common divisor of 46211 and 11.
11
Calculate the highest common divisor of 6 and 882.
6
What is the highest common divisor of 2345 and 245?
35
What is the greatest common factor of 174 and 6?
6
What is the greatest common divisor of 16 and 524?
4
Calculate the greatest common factor of 1350 and 8400.
150
Calculate the greatest common divisor of 894 and 24.
6
Calculate the greatest common factor of 7959 and 7.
7
What is the greatest common factor of 6120 and 272?
136
Calculate the highest common divisor of 11 and 1925.
11
Calculate the highest common factor of 3884 and 8.
4
What is the highest common divisor of 8051 and 97?
97
Calculate the highest common factor of 73 and 584.
73
Calculate the greatest common factor of 75 and 1440.
15
Calculate the highest common factor of 204 and 21.
3
Calculate the greatest common factor of 91 and 10283.
91
What is the highest common divisor of 33 and 1320?
33
What is the highest common factor of 195 and 156?
39
What is the highest common factor of 1316 and 252?
28
Calculate the highest common factor of 28 and 7.
7
Calculate the highest common divisor of 28 and 644.
28
What is the greatest common divisor of 627 and 456?
57
What is the greatest common factor of 190 and 76?
38
Calculate the highest common factor of 36 and 171.
9
Calculate the greatest common divisor of 28 and 3829.
7
Calculate the highest common divisor of 2256 and 144.
48
What is the greatest common divisor of 68 and 20?
4
Calculate the highest common factor of 352 and 924.
44
What is the highest common divisor of 27 and 522?
9
Calculate the greatest common divisor of 36 and 468.
36
Calculate the greatest common divisor of 1157 and 13.
13
Calculate the highest common divisor of 721 and 7519.
103
Calculate the greatest common divisor of 2527 and 114.
19
Calculate the greatest common factor of 74 and 4.
2
Calculate the greatest common factor of 7582 and 17.
17
What is the highest common factor of 3811 and 37?
37
What is the highest common divisor of 202 and 12322?
202
What is the highest common divisor of 8322 and 2166?
114
Calculate the highest common divisor of 14 and 14.
14
What is the greatest common d